ommon divisor of 11 and 803?
11
Calculate the greatest common factor of 1542 and 24.
6
Calculate the highest common divisor of 578 and 68.
34
What is the highest common divisor of 72 and 27?
9
What is the greatest common factor of 167 and 17201?
167
What is the greatest common factor of 1200 and 320?
80
Calculate the highest common factor of 1802 and 204.
34
What is the greatest common factor of 132 and 228?
12
Calculate the greatest common divisor of 28 and 511.
7
Calculate the greatest common divisor of 1100 and 22.
22
Calculate the highest common factor of 65 and 10.
5
Calculate the greatest common divisor of 48 and 624.
48
Calculate the greatest common divisor of 105 and 6447.
21
Calculate the greatest common divisor of 341 and 155.
31
Calculate the greatest common factor of 396 and 264.
132
What is the greatest common divisor of 12255 and 57?
57
What is the highest common divisor of 8 and 58?
2
Calculate the highest common factor of 38 and 6.
2
Calculate the greatest common factor of 54 and 45.
9
What is the greatest common divisor of 36 and 4?
4
What is the highest common divisor of 5325 and 150?
75
Calculate the highest common divisor of 30 and 960.
30
What is the highest common divisor of 210 and 30?
30
What is the greatest common factor of 936 and 40?
8
What is the highest common factor of 2533 and 17?
17
What is the greatest common divisor of 196 and 147?
49
What is the highest common factor of 1816 and 16?
8
Calculate the greatest common factor of 2 and 32.
2
What is the highest common divisor of 9 and 6309?
9
What is the greatest common divisor of 44 and 253?
11
What is the greatest common divisor of 3605 and 35?
35
Calculate the highest common divisor of 28 and 224.
28
What is the greatest common divisor of 108 and 1323?
27
What is the greatest common factor of 87 and 783?
87
Calculate the highest common factor of 992 and 62.
62
What is the highest common factor of 1 and 31?
1
Calculate the highest common divisor of 56 and 1624.
56
What is the highest common divisor of 12 and 512?
4
What is the highest common divisor of 352 and 1100?
44
What is the highest common factor of 7 and 5?
1
Calculate the greatest common divisor of 2080 and 39.
13
Calculate the greatest common divisor of 2375 and 250.
125
What is the greatest common factor of 3591 and 1134?
189
What is the greatest common divisor of 112 and 1160?
8
Calculate the greatest common factor of 1035 and 225.
45
Calculate the greatest common divisor of 11940 and 60.
60
What is the greatest common divisor of 28 and 2534?
14
Calculate the highest common divisor of 12 and 32.
4
Calculate the highest common divisor of 74 and 1702.
74
What is the greatest common divisor of 42 and 3?
3
What is the highest common divisor of 16 and 5?
1
What is the greatest common divisor of 624 and 39?
39
What is the greatest common divisor of 784 and 49?
49
What is the greatest common divisor of 1593 and 27?
27
What is the highest common divisor of 72 and 108?
36
Calculate the greatest common factor of 14940 and 360.
180
Calculate the highest common factor of 803 and 584.
73
What is the highest common factor of 756 and 140?
28
What is the greatest common divisor of 304 and 48?
16
Calculate the greatest common divisor of 490 and 84.
14
Calculate the greatest common divisor of 75 and 6.
3
What is the highest common divisor of 28 and 1008?
28
What is the highest common factor of 812 and 28?
28
What is the greatest common factor of 6 and 1227?
3
What is the highest common factor of 1551 and 132?
33
What is the highest common divisor of 72 and 18?
18
Calculate the highest common divisor of 1421 and 29.
29
What is the highest common divisor of 5038 and 55?
11
What is the greatest common factor of 342 and 126?
18
What is the greatest common factor of 771 and 9?
3
Calculate the greatest common divisor of 3366 and 44.
22
Calculate the highest common divisor of 68 and 10268.
68
What is the greatest common divisor of 180 and 1920?
60
What is the highest common divisor of 546 and 52?
26
What is the highest common divisor of 12 and 106356?
12
What is the highest common factor of 27 and 1446?
3
Calculate the highest common factor of 474 and 18.
6
What is the greatest common divisor of 28 and 175?
7
What is the greatest common divisor of 15 and 285?
15
Calculate the highest common divisor of 35 and 70595.
35
What is the highest common divisor of 29834 and 14?
14
What is the greatest common factor of 4352 and 612?
68
Calculate the greatest common divisor of 22 and 209.
11
Calculate the highest common factor of 940 and 1175.
235
Calculate the greatest common divisor of 27 and 99.
9
What is the highest common divisor of 344 and 72?
8
What is the greatest common factor of 225 and 25?
25
Calculate the greatest common factor of 17 and 22593.
17
What is the greatest common divisor of 1212 and 240?
12
What is the greatest common factor of 5725 and 50?
25
Calculate the greatest common divisor of 20 and 85.
5
Calculate the greatest common divisor of 620 and 496.
124
Calculate the greatest common factor of 230 and 805.
115
Calculate the highest common divisor of 693 and 252.
63
What is the greatest common divisor of 90 and 510?
30
What is the highest common divisor of 2560 and 190?
10
What is the greatest common divisor of 2211 and 1608?
201
What is the greatest common divisor of 485 and 5?
5
Calculate the greatest common divisor of 117 and 780.
39
Calculate the highest common factor of 60 and 52.
4
What is the highest common factor of 66 and 44?
22
What is the greatest common divisor of 8 and 220?
4
Calculate the greatest common divisor of 18 and 2034.
18
What is the highest common divisor of 136 and 1972?
68
Calculate the highest common divisor of 925 and 25.
25
Calculate the greatest common factor of 500 and 90.
10
What is the highest common divisor of 323 and 17?
17
Calculate the greatest common factor of 18 and 1098.
18
What is the greatest common divisor of 962 and 52?
26
What is the highest common divisor of 124 and 310?
62
Calculate the greatest common divisor of 52 and 20644.
52
Calculate the highest common divisor of 291 and 3395.
97
Calculate the greatest common factor of 11 and 539.
11
What is the greatest common divisor of 416 and 1196?
52
What is the highest common factor of 1911 and 39?
39
Calculate the highest common factor of 13 and 3.
1
Calculate the greatest common divisor of 88 and 146.
2
Calculate the highest common factor of 107 and 67517.
107
What is the highest common factor of 704 and 4048?
176
Calculate the greatest common divisor of 95 and 893.
19
Calculate the greatest common factor of 968 and 2057.
121
What is the highest common factor of 10293 and 141?
141
Calculate the highest common divisor of 568 and 16.
8
Calculate the highest common factor of 3434 and 303.
101
What is the highest common divisor of 278 and 3?
1
Calculate the greatest common factor of 48 and 42504.
24
What is the highest common factor of 10 and 2255?
5
Calculate the greatest common factor of 297 and 33.
33
Calculate the greatest common divisor of 186 and 159.
3
What is the highest common divisor of 120 and 12?
12
Calculate the highest common factor of 459 and 663.
51
Calculate the highest common factor of 3 and 240.
3
What is the greatest common divisor of 20 and 2420?
20
What is the highest common divisor of 91 and 26?
13
Calculate the greatest common factor of 2896 and 16.
16
What is the highest common divisor of 8 and 78?
2
What is the greatest common divisor of 69 and 69?
69
What is the greatest common factor of 4 and 4?
4
Calculate the greatest common divisor of 738 and 288.
18
What is the greatest common factor of 3120 and 80?
80
What is the highest common divisor of 1792 and 7?
7
What is the greatest common factor of 198 and 264?
66
What is the highest common factor of 236 and 236?
236
What is the greatest common factor of 12 and 100?
4
Calculate the highest common divisor of 216 and 96.
24
What is the greatest common factor of 128 and 592?
16
Calculate the greatest common factor of 3773 and 308.
77
What is the greatest common factor of 885 and 660?
15
What is the greatest common factor of 14008 and 136?
136
Calculate the highest common factor of 598 and 276.
46
Calculate the greatest common factor of 565 and 5.
5
Wh